*q + 2, 3*q = -5*x + 9. Let r be 322/q + (-5)/20. What is the units digit of (-552)/(-5) - (-4)/(r/6)?
1
Suppose 15067 = 3*j + 4*x, 9*x - 7*x = 5*j - 25077. What is the hundreds digit of j?
0
What is the tens digit of (-6)/27 - 668452/(-24)*20/15?
3
Let k(d) be the first derivative of 509*d**2/2 + 57*d + 41. What is the tens digit of k(2)?
7
Let v(z) = z - 49. Suppose 0 = -3*w + 9 + 18. Let t be v(w). What is the units digit of 5/t*-14*4?
7
Let q = 31771 - 16080. What is the hundreds digit of q?
6
Let t(q) = -2*q**3 + 152*q**2 + 662*q - 96. What is the units digit of t(74)?
6
Let h = 6 + 5. Let b be (h/(165/(-72)))/((-9)/330). Suppose 2*v - b = 4*z, 4*z - 233 = -2*v - 65. What is the units digit of v?
6
Let m be (-16 - -18)*(-2)/((-8)/74). Suppose -26*r = -m*r + 17754. What is the tens digit of r?
1
Suppose -y = y - 100. Let h = y + -47. Suppose s - h*t - 10 = 0, -2*t + 6*t + 8 = s. What is the tens digit of s?
1
Let a = 13382 + -8783. What is the tens digit of a?
9
Suppose 0 = -2416*y + 2413*y + 4*x + 63170, y = -x + 21052. What is the units digit of y?
4
Suppose 6*z = -2*k + 7*z + 1361, -2*k = z - 1371. Let r = k - 69. What is the hundreds digit of r?
6
What is the hundreds digit of 1*(-5 - 38/(-8)*1)*-77036?
2
Suppose -4*c = -2*j - 3288, -c + j = 3*j - 822. What is the hundreds digit of (c/(-4))/((-69)/92)?
2
Suppose -b = -20 - 25. Suppose 2*n = -3*n + b. Suppose 331 + 263 = n*l. What is the units digit of l?
6
Suppose -4*o - 16275 = 5*b, 3*b + 4*o - o + 9762 = 0. Let g = -2045 - b. What is the hundreds digit of g?
2
Let j(a) = -58 + 54 + 29*a + 10*a + 31*a**2. What is the hundreds digit of j(-5)?
5
Let j be 5*((-231)/35 + 7). Suppose 4*r - 3648 = -3*w, -19*r = -17*r - j*w - 1824. What is the hundreds digit of r?
9
Let n(c) = -3*c**3 - 11*c**2 - 11*c - 45. What is the tens digit of n(-15)?
7
Suppose 11*b - 18*b = -1400. Suppose -2*q + b = k, -3*q - 3*k + 105 = -2*q. What is the tens digit of q?
9
Suppose 2*c = -3 + 5. Let p be (35/14)/(c/10). Suppose 29*r = p*r + 576. What is the units digit of r?
4
Suppose -3*p + 4*h = -51637, 25*p - 17231 = 24*p - h. What is the hundreds digit of p?
2
Let t(w) = w**2 + 3*w - 2. Let x be ((-2)/3)/((-18)/27). Let r be t(x). Suppose r*z + 179 = 3*d - 2, 3*d - 169 = 5*z. What is the units digit of d?
3
Suppose 0 = 79*r - 68*r - 429. Suppose -r*l + 15067 = -8840. What is the hundreds digit of l?
6
Let f = 19 + -18. What is the units digit of 1 - (1 - f) - 29232/(-84)?
9
Let o = 43 - 46. Let g be 3/(o*(-1)/(-2)) - 3. Let f(h) = -20*h - 19. What is the units digit of f(g)?
1
Suppose -19*o = 21*o + 25*o - 817505. What is the thousands digit of o?
2
Let k(h) = h**3 - 18*h - 15 + 2426*h**2 + 5*h - 2414*h**2. What is the hundreds digit of k(-12)?
1
Let p(h) = 43*h - 2. Let t be p(-1). Let x be (14520/t)/(-2 + 7/3). What is the tens digit of 1/2 - x/16?
6
Let c(w) = 74*w**2 + 10*w + 15. Let b be c(-2). Let v = -108 + b. What is the hundreds digit of v?
1
Suppose 13*l - 56 = 12*l. Suppose 0 = 4*g - 0*g - l. Suppose -j + g = -0. What is the tens digit of j?
1
Let h(w) = 8*w**2 + 195*w + 55. What is the hundreds digit of h(-43)?
4
Let x(s) = -2*s**2 + 8. Let m(w) = w**3 + 10*w**2 + 2*w + 24. Let r be m(-10). Let g be x(r). Let b = g - -29. What is the units digit of b?
5
What is the units digit of (-106688)/(-10) + (4/220 - 14/(-77))?
9
Suppose 0 = -2*a + 27 - 23, -5*a = -4*q - 2826. Let w = q + 1629. What is the hundreds digit of w?
9
Suppose f - 6888 = -11*f. Let y = f - 408. What is the units digit of y?
6
Suppose y = -3*c - 57, -4*y = c + 5 + 14. Let a be (-1)/(0 + -4) - c/4. Suppose 4*q - a*h - 424 = -h, -4*q - 5*h + 433 = 0. What is the tens digit of q?
0
Suppose 0 = -2*k - s + 61 + 289, 5*k = -3*s + 875. Suppose -k - 85 = -13*m. Suppose 17*v = m*v - 774. What is the hundreds digit of v?
2
Let r = 192 + -199. Let y = 45 + r. What is the units digit of y?
8
Suppose q = -18 - 17. What is the units digit of 668 - 4/(28/q)?
3
Let h be ((-30)/12 - -2)*-18. Suppose 2 = -x, 0 = -m + 5*x - h*x + 25. What is the tens digit of m?
3
Suppose 13*i = -3162 - 7160. Let l = -531 - i. What is the hundreds digit of l?
2
Let f(l) = 68*l**2 - l + 13. Let r be f(5). Let t = 2410 - r. What is the tens digit of t?
0
Suppose -3*w = 12, 3*w + 6 = -5*p + 2*p. Suppose 3*h = b + 2*h + 11, p*h - 40 = 4*b. Let r(d) = d**3 + 9*d**2 - d + 21. What is the units digit of r(b)?
0
Suppose 0 = 3*y + 4*y - 35. Suppose 228 = -2*w + y*w. Suppose 2*l - 242 - w = 0. What is the tens digit of l?
5
Let z = -194 - -12. Let h = z - -473. What is the tens digit of h?
9
Suppose 13655 = 35*u + 2560. What is the tens digit of u?
1
Let z be 56/21 - (0 + 6/9). Let u(h) = 8*h**3 - 3*h**2 - h + 2. Let i be u(z). Suppose 0 = -q + 20 + i. What is the units digit of q?
2
Let r(m) = -29*m - 2. Let a = 6 - 2. Suppose 0 = -a*l - 2*t - 12, 2*l - 5*t + 26 = -2*l. What is the hundreds digit of r(l)?
1
Suppose 89*n - 119*n = -6240. What is the hundreds digit of n?
2
Suppose 2*t - 7*t + 5*l + 15 = 0, 19 = 3*t + 2*l. What is the hundreds digit of (-51)/(-85) - (-4497)/t?
9
Suppose 28235 = 11457*b - 11452*b. What is the thousands digit of b?
5
Suppose -27585 = -29*b + 10144. Let j = -832 + b. What is the tens digit of j?
6
Let k(y) = 33*y. Let a(t) = 33*t. Let z(q) = 6*a(q) - 4*k(q). Let b be z(2). What is the tens digit of ((-480)/(-35))/(-2 - b/(-63))?
4
Suppose -8*m = -4*u + 24112, 8*u - 11*u = 4*m - 18084. What is the tens digit of u?
2
Let w = -166 - -172. What is the tens digit of w/2 + -3 - (-1 - 208)?
0
Let h(q) = -9*q - 4. Suppose -409 = 4*p - 113. Let u = p - -72. What is the units digit of h(u)?
4
Suppose 28*d - 32*d = 67*d - 1720685. What is the thousands digit of d?
4
Let c = 374 + -371. Suppose c*l - 561 - 759 = 0. What is the tens digit of l?
4
Let c = -37 - -37. Suppose c = -0*r - 4*r + 80. Let x = 53 - r. What is the tens digit of x?
3
Let k be (0 - (-5)/(-5))*(5 - 5). Suppose k = 41*s - 28*s - 2093. What is the units digit of s?
1
Suppose -3*a = 2*r + 45 + 195, -4*a = 2*r + 238. Let v = r - -137. Suppose 0 = -s - 5*m + 28, 4*m - 2*m + v = s. What is the units digit of s?
8
Let l = 421 + -420. What is the hundreds digit of (2 - l)*(-7)/((-21)/3393)?
1
Let h be (8/(-10))/(2/10). Suppose 12 - 4 = -3*g - s, -s = 4*g + 11. What is the tens digit of (1 + g)/(((-20)/(-195))/h)?
7
Let i(b) be the third derivative of -b**5/60 - 3*b**4/8 - 8*b**3/3 + 16*b**2. Let k be i(-8). What is the tens digit of 69*k/6*-1?
9
Let q(d) = 3*d + 2. Let z(o) = o**2 + 5*o - 36. Let p be z(-9). Suppose 5*i = p, -2*i + 6 = n + 3*i. What is the units digit of q(n)?
0
Let z(l) = -6*l - 33. Let y be z(-4). What is the hundreds digit of 154 - (y + 5) - -1?
1
What is the hundreds digit of 4 + (-186)/48 + (-286075)/(-40) - -4?
1
Let b = 81 + -75. Suppose b*d = 3*d - 9. What is the tens digit of -66*(1/d)/(3/12)?
8
Let i(u) = -14 + 14*u**3 + 15*u**3 + 27*u + 51*u - 34*u**3 + 4*u**2. What is the hundreds digit of i(-7)?
3
Let v = -47990 - -75938. What is the thousands digit of v?
7
Suppose -2*r - 2*d + 640 + 196 = 0, -d = 0. Suppose 371 = 4*c + 2*o - 447, 4*o = -2*c + r. What is the units digit of c?
3
Let m(t) = -t**2 - 22*t - 117. Let a be m(-13). Suppose a = 2*p - 4*p + 1112. What is the tens digit of p?
5
Suppose 24 - 16 = -4*v. Let i(x) = -27*x**3 + 1. What is the tens digit of i(v)?
1
Let b = 35 + -41. Let m be -6*(21/b - -3 - 0). Suppose -o + 101 = m*d, o - 5*d - 119 = -2*d. What is the hundreds digit of o?
1
Let g(j) = 28*j**3 - j**2 - 6*j + 6. Let k be g(3). Suppose 0*b + 5*u - 925 = -5*b, k = 4*b + 3*u. What is the tens digit of b?
8
Let c(m) = 6*m**3 - m**2 + 3*m - 1. Let l be c(2). Suppose 52 = 10552*g - 10551*g. Let z = l + g. What is the tens digit of z?
0
Let d(i) = 86*i - 4. Let t be d(2). Suppose f + t = 2*f. Suppose 11*m = 4*m + f. What is the tens digit of m?
2
Let m(u) = -9*u + 13. Suppose -2*p = -5*y - 8, 4*y - 2*p = -3 - 3. Let a(o) = -9*o + 12. Let d(t) = y*a(t) + 3*m(t). What is the units digit of d(-7)?
8
What is the tens digit of (33/11*-1029)/(2/(-26))?
3
Let m(z) = -2*z**3 - 9*z**2 - 10*z + 1. Let t(y) = y + 12. Let d be t(4). Suppose -2*h - 23 = 2*h + f, -3*h = 2*f + d. What is the hundreds digit of m(h)?
1
Let a(m) = 583*m - 301. What is the tens digit of a(11)?
1
